s(m). Determine b(-2).
18
Let d(i) = 11*i**3 - 6*i**2 - 7. Let r(w) = 2*w**3 - w**2 - 1. Let j(l) = d(l) - 5*r(l). Let n be (78/4)/(6/(-8)). Let g = n + 28. Give j(g).
2
Let y(x) be the first derivative of x**2 + 10. Suppose -s = 2*s - 9. Suppose -30 = 2*w - s*w - 5*q, 10 = 3*w - q. What is y(w)?
10
Let q(g) be the third derivative of -g**6/120 - 7*g**5/30 - g**4/2 + 7*g**3/6 - 4590*g**2. Give q(-13).
-6
Let r(c) = -c**2 + 5*c + 2. Let k = 32 - -111. Let b = k + -135. Give r(b).
-22
Let f = -43 - -59. Suppose 2*p - 15*z + f*z = 1, -2*p + 7 = -z. Let t(j) = -14*j - 2. Give t(p).
-30
Suppose -118*x + 14*x - 100*x = 17*x. Let b(v) = -5*v + 59. Calculate b(x).
59
Let t(l) = 59 + 2*l + 25 + 30 - 3*l - 99. Determine t(3).
12
Suppose 68*b - 714 = 26*b. Suppose b*w - 60 = 5*w. Let t(f) = f - 9. Give t(w).
-4
Let k(w) = -3*w**2 - 18*w - 44. Let n(z) = z**2 + 6*z + 15. Let h(a) = -6*k(a) - 17*n(a). Let c be (16 - 6) + 4*1/(-1). Let o = -12 + c. Give h(o).
9
Suppose 15*o + 33 = 6*o - 30. Let b(v) = -v**3 - 8*v**2 - 3*v + 11. What is b(o)?
-17
Suppose -3*q + 8*q = 25. Suppose 64 = 3*c + 2*n, -q*c + 8*n - 3*n = -90. Suppose 2*w + 21 = w + 5*p, 4*p - c = 4*w. Let v(j) = 4*j**2 - 1. Determine v(w).
3
Suppose -v + 24 = 7*v. Let r be (-4 + 0)*v/3. Let t(x) = x**3 + 4*x**2 + 1. Give t(r).
1
Let i(r) = -r**2 - 7*r - 22. Suppose -144*m = -70*m + 222. Determine i(m).
-10
Let l be 6/2 + 2*360/16. Let g(t) be the first derivative of 41 + 47*t**3 + l*t**3 - 93*t**3 - t. Determine g(1).
5
Let w(b) = -3*b + 47. Let s(q) = 2*q - 23. Let t(o) = -7*s(o) - 4*w(o). Let l be t(-9). Let j(g) = g**2 + 9*g - 8. Determine j(l).
-8
Let b(o) be the second derivative of 3*o**3/2 + 4*o**2 - 7*o + 93. Give b(-9).
-73
Suppose 8629*g = 8619*g - 60. Let c(h) = 17*h - 3. Determine c(g).
-105
Let b(a) = -a**3 - 21*a**2 + a - 6. Let u(z) = 20*z - 761. Let k be u(37). Determine b(k).
-27
Let y(i) be the second derivative of i**7/2520 - i**6/120 + i**5/60 - 15*i**4/2 + 27*i. Let o(g) be the third derivative of y(g). Determine o(4).
-6
Let o(s) = -2*s - 4. Let f(c) = c**2 - 8*c + 7. Let q be f(9). Suppose 8*t = 16*t + q. What is o(t)?
0
Suppose 0 = 60*d - 55*d - 30. Let j(n) be the third derivative of n**5/60 - 3*n**4/8 + 5*n**3/2 + n**2. Let z be j(d). Let c(p) = -p**2 - 3*p. Give c(z).
0
Let s(g) = 8*g**2 + g. Let i = -63 - -63. Suppose 7*j - j - 12 = i. Suppose j*d + 3*n = -11, -n - 8 = -4*d + 3*n. Calculate s(d).
7
Let d(u) = 7*u - 1. Let c(r) = r**3 + 34*r**2 + 22*r - 33. Let q be c(-33). Suppose -344 = 7*z - q. Give d(z).
-15
Let c(n) = -n**2 + 20*n + 65. Let q = -4 - -1. Let m be c(q). Let s(l) = -l**2 + 3. Determine s(m).
-13
Let l(n) = -14*n - 3576*n**3 - 14*n**2 - 1 + 2*n**2 + 3577*n**3. Calculate l(13).
-14
Suppose -5*o = -115 + 125. Let d be (322/(-138))/(o/(-6)). Let g(f) = -f**3 - 7*f**2 - 10. What is g(d)?
-10
Let n(z) be the first derivative of z**3/3 - 3*z**2/2 + 3*z + 1. Suppose 330 = 3*o - 3*i, 58 + 163 = 2*o - i. Let y = -108 + o. Determine n(y).
3
Suppose 0 = i + 4*g - 8*g + 198, -5*i = -2*g + 1080. Let h = -215 - i. Let u(v) = v**2 - 8*v + 7. Calculate u(h).
-8
Let x(i) = 15 + 9*i + 29*i + 7*i + 1 - 34*i + i**2. Give x(-3).
-8
Let i(b) = -b + 18. Let l be i(25). Let r(t) = -t**2 + 2*t + 61. What is r(l)?
-2
Let u(i) be the first derivative of 5*i**4/4 + i**3 - 3*i**2/2 + 2*i + 1591. Determine u(1).
7
Let y(x) be the second derivative of x**4/12 + 2*x**3/3 - 3*x**2/2 + 855*x. Determine y(6).
57
Let b(l) be the second derivative of -1/6*l**3 - 2 + 7/2*l**2 + 48*l. Determine b(7).
0
Suppose 136*u - 134*u + 5*y + 50 = 0, -2*u + 2*y = 22. Let m(t) = -t**3 - 18*t**2 - 43*t + 12. What is m(u)?
-18
Let i(g) be the second derivative of 0*g**2 - 1/6*g**3 + 0 - 29*g. Suppose 2*h + 5*p + 20 = 0, 2*p = 4*h + 3*p + 22. Calculate i(h).
5
Let j(v) be the first derivative of v**4/4 + 2*v**3 + 3*v**2/2 + 16*v - 11124. Determine j(-5).
26
Let z(s) = 11*s**2 + 19*s. Let x(b) = -3*b**2 - 4*b. Let u(f) = -6*x(f) - z(f). Determine u(-2).
18
Let h(v) be the second derivative of -v**3/3 - 4*v**2 - v + 19. Suppose 11*w - 29 = -73. What is h(w)?
0
Let z(u) = u**2 + 6*u + 9. Let k(s) = -2*s**2 + 11. Let v be 1/((1/(-2))/((-6)/4)). Let p be k(v). Calculate z(p).
16
Let i be -1*(0 - -2) - -8. Let f = -184 - -251. Let k(q) = 2 + q**2 - 59*q - 1 + 119*q - f*q. Calculate k(i).
-5
Let z(f) = 2*f**2 + 24*f + 17. Let q(j) = -162*j - 335. Let r be q(-2). Give z(r).
-5
Let m(y) = y**2 + 4*y - 44. Suppose 4*g + 12 = 0, 0 = -3*z - 3*g + 4 - 40. What is m(z)?
1
Let a(g) be the third derivative of g**5/30 + 17*g**4/24 + 5*g**3/3 - 9560*g**2 - g. Calculate a(-8).
2
Let j(x) be the first derivative of x**2 + 11*x - 2. Suppose 123 - 147 = 4*o. Let m be j(o). Let h(g) = -6*g - 1. Determine h(m).
5
Let k(r) = -r**3 - 8*r**2 + 8*r - 2. Let n be k(-9). Let t(p) = 3*p - n*p + 0 + 5 + 2*p. Suppose -61*w + 246*w = 810 + 670. Give t(w).
-11
Let t(k) = 11*k - 180. Let c(y) = 9*y - 266. Let a(j) = 3*c(j) - 4*t(j). Calculate a(-4).
-10
Let z(v) = v**3 - 6*v**2 + 3*v + 9. Let c be 1*(((-64)/6)/(-4) + -1)*3. Give z(c).
-1
Suppose 5*z = -69 + 29. Let s(c) = -c**2 - 6*c - 3. Calculate s(z).
-19
Let h(i) = 19*i - 2. Let v(g) = -55*g. Let p(u) = 11*h(u) + 4*v(u). Give p(-8).
66
Suppose -40 = -6*v + 26*v. Let l be 0*((-30)/12 - (v + 0)). Let t(n) be the third derivative of -n**6/120 + n**5/60 - n**4/24 + 2*n**3 + 2*n**2. Determine t(l).
12
Let a be 2 - 0/(-1 + -4). Let c(m) = -37 - 2*m - 4*m**2 + 36 + a*m**2 + 14*m**3 + 32*m**3. Calculate c(-1).
-47
Let w(p) be the first derivative of -p**4/4 - 5*p**3/3 - 7*p**2/2 - 12*p - 823. Determine w(-3).
-9
Let f(m) = -23*m - 4. Let c = 20440 + -20446. Give f(c).
134
Let s(z) = -879 + 5*z + 5*z + 867 + 4*z**2. Let i(g) = -g**2 + 1. Let c(x) = -6*i(x) - s(x). Calculate c(7).
34
Let j(i) = -15*i**2 - 19*i + 20. Suppose -114*g = -177*g + 99*g - 36. Give j(g).
-14
Let b(f) = -f**3 + 2*f**2 - 4*f + 4. Suppose 507*y - 496*y - 22 = 0. Give b(y).
-4
Let k = 1501 + -1506. Let x(q) = q**3 + 3*q**2 - 5*q + 5. Determine x(k).
-20
Let g(a) = a + 9. Let z be (-25)/75 - (-13)/3. Suppose 5*s = p + 7, 4*s - z = -p - 11. Give g(p).
2
Let q = 7382 - 7352. Let d(a) = a**2 - 26*a - 120. Determine d(q).
0
Suppose 15587 = -22*w + 15565. Let i(p) = 10*p + 24. What is i(w)?
14
Let a(c) be the third derivative of c**4/24 - 5*c**3/3 + 4*c**2. Let q be 19/5 + 2 + 6/30. Suppose -q*o - 1 + 1 = 0. Calculate a(o).
-10
Let j(w) = 1353*w + 203. Let g(n) = 623*n + 102. Let h(x) = 13*g(x) - 6*j(x). Give h(6).
-6
Let t(l) = -l**3 - 15*l**2 - 12*l - 3. Let d be (22/33)/(56/24 - 3)*14. Give t(d).
-31
Let w(s) be the third derivative of 2*s**5/15 + 5*s**4/8 + 5*s**3/6 + 882*s**2 + s. Calculate w(-2).
7
Let h(m) = -23*m**3 - 2*m**2 - 16*m + 5. Let p(k) = 70*k**3 + 5*k**2 + 59*k - 18. Let f(j) = -7*h(j) - 2*p(j). Determine f(1).
20
Let d(t) = 45 + 18*t - 6186*t**2 + 12365*t**2 - 6178*t**2. Give d(-14).
-11
Let w = 215295 - 215293. Let l(s) be the second derivative of s**5/20 - s**4/3 - s**3/3 + 3*s**2/2 + 2*s. Calculate l(w).
-9
Let v be 2/(-9) - 43/9. Let n(p) be the first derivative of p**4/24 - p**3/3 + 24*p**2 + 108. Let t(w) be the second derivative of n(w). Calculate t(v).
-7
Let r(y) = 5*y**2 + 35*y + 27. Let i be r(-12). Let s = -322 + i. Let l(w) = -w**3 + 6*w**2 - 7*w - 2. What is l(s)?
-12
Let l(c) = -c - 4. Let n be (14 - -6)/(4/10). Let a = 65 - n. Suppose 35 = a*u - 70. Determine l(u).
-11
Let s(z) = z**2 + 96*z + 708. Let b be s(-88). Let p(j) = 0*j - 1 - j + 3*j**2 - 2*j**2. Determine p(b).
11
Let a(h) = 4*h - 4. Let x(o) = 4*o + 25. Let n be x(-5). Suppose 4*w = n*k + 41, -5*w = 2*k - 7*k - 45. Determine a(w).
12
Let w(r) = 5*r + 13. Let d(u) = 3*u + 6. Let b(p) = -5*d(p) + 2*w(p). Suppose 3*c + 51 = -2*n, n - 2*c + 8 = -0*c. Let k = n + 14. Calculate b(k).
16
Let g = -37 + 17. Let m(q) = -2*q - 38. Let z be m(g). Let o(y) = z*y + 6 + 0 - 5. Determine o(-5).
-9
Let l(n) = -7*n**2 + 23*n - 2. Let g(f) = 10*f**2 - 33*f + 3. Suppose -26 = 5*m + j, -4*m - 22 = -3*j + 5*j. Let t(k) = m*g(k) - 7*l(k). Determine t(-5).
-46
Let r(z) = z**3 - z**2 + z - 1. Let b(y) = 4*y**3 + 6*y**2 - 9*y + 30. Let q(d) = b(d) - 5*r(d). What is q(10)?
-5
Let x(l) = -l**3 + 9*l**2 - 11*l + 7. Let o(m) = -4*m - 57. Let a(y) = 4*y + 54. Let